3?
101010210102110
Convert -48660 (base 14) to base 10.
-176876
What is 176240 (base 10) in base 5?
21114430
-404353 (base 7) to base 6
-1250241
-562534 (base 7) to base 6
-2044101
243911 (base 14) to base 12
4b924b
Convert -142223031 (base 5) to base 11.
-467748
What is -30223020302 (base 4) in base 8?
-14531062
1011010101011101110010 (base 2) to base 11
174a59a
Convert 39c54 (base 13) to base 4.
122100201
Convert 110011001110001110011101 (base 2) to base 7.
222063363
Convert -1954651 (base 10) to base 16.
-1dd35b
What is 111101001011100 (base 2) in base 13?
11347
-254102 (base 6) to base 2
-101100110010110
What is 34223122 (base 5) in base 8?
1123223
Convert 1092162 (base 10) to base 2.
100001010101001000010
101001110101101110 (base 2) to base 10
171374
What is -1154511 (base 6) in base 12?
-2ba37
735b4 (base 14) to base 7
2236214
What is -17c163 (base 14) in base 15?
-118d17
Convert -211542355 (base 7) to base 15.
-11830c1
-1000000000100111011 (base 2) to base 5
-31344314
64e7bc (base 16) to base 14
c41d5a
What is -10100010111101011100111 (base 2) in base 15?
-7072be
-100102320 (base 5) to base 8
-1401545
What is -11885303 (base 9) in base 12?
-1b59579
What is 455225 (base 7) in base 14?
21785
-30001203231 (base 4) to base 12
-1080179
What is 78767 (base 9) in base 10?
52387
124122 (base 13) to base 10
437400
-334414 (base 6) to base 5
-1400414
-1c5040 (base 16) to base 12
-755994
Convert 4c7d5 (base 14) to base 12.
90a73
Convert -552431 (base 13) to base 2.
-111101001010110011100
What is -13986b (base 14) in base 8?
-2457007
What is 745108 (base 9) in base 16?
6c3b9
What is -2220011211 (base 3) in base 14?
-16aac
Convert -16746254 (base 8) to base 7.
-45211500
-8295034 (base 10) to base 8
-37511172
What is 1144322212 (base 5) in base 14?
510ad4
-151315222 (base 6) to base 12
-107bb12
Convert -111113322 (base 4) to base 11.
-5a858
Convert -1aa505b (base 12) to base 2.
-10101101101010000000111
Convert -54425606 (base 7) to base 4.
-101302101110
45489 (base 10) to base 2
1011000110110001
Convert -10112142 (base 5) to base 11.
-56812
296815 (base 10) to base 9
502134
Convert 66b499 (base 14) to base 10.
3488543
What is -a7276 (base 14) in base 3?
-202111222221
What is -1100822 (base 9) in base 16?
-90536
What is -5320005 (base 6) in base 13?
-90c9b
What is 2944a2 (base 12) in base 15?
da018
-450034052 (base 6) to base 5
-4034413203
What is -175756 (base 9) in base 14?
-2bb4b
What is 486eb3 (base 16) in base 5?
2203400211
What is 458b634 (base 12) in base 3?
221011110112111
Convert 177b582 (base 12) to base 9.
10176568
Convert -2340143442 (base 5) to base 3.
-101011011221112
Convert -2bc399 (base 14) to base 4.
-11311333203
What is -3626172 (base 8) in base 6?
-33151454
763711 (base 10) to base 9
1383547
Convert 266580 (base 9) to base 10.
162315
-10413420 (base 5) to base 2
-10110011001010111
What is -1522300 (base 6) in base 8?
-255134
17508 (base 12) to base 16
8318
Convert -1100111102122 (base 3) to base 5.
-140442004
Convert 307577 (base 11) to base 5.
111240114
-421423132 (base 5) to base 8
-6527076
What is 43637215 (base 8) in base 9?
18587404
What is -1dc91c (base 15) in base 7?
-15260466
-612201 (base 7) to base 9
-167626
What is 1b83f (base 16) in base 15?
235d8
28b29 (base 12) to base 3
2220001220
-225915 (base 15) to base 10
-1638920
What is -21360332 (base 7) in base 3?
-10102221220212
Convert 14519 (base 10) to base 3.
201220202
Convert -11122022222011 (base 3) to base 9.
-4568864
Convert 632b41 (base 13) to base 3.
11100212002120
Convert -45c3c (base 14) to base 11.
-106625
Convert 12317a8 (base 12) to base 11.
200422a
-3406456 (base 10) to base 4
-30333221320
What is 11010000010110111110 (base 2) in base 11?
533223
Convert -1010100111101000000 (base 2) to base 6.
-11242544
What is 465628 (base 9) in base 6?
5554555
What is 213210310 (base 4) in base 16?
27934
Convert -325 (base 7) to base 6.
-434
-5011515 (base 6) to base 2
-111001010111100111
132114415 (base 6) to base 9
4836752
-120729 (base 11) to base 4
-232223223
1010000010001100100 (base 2) to base 12
13a344
Convert 3259a2 (base 12) to base 16.
c2d4a
214212341 (base 5) to base 15
13544b
132010303103 (base 4) to base 12
27825ab
What is -93483 (base 13) in base 16?
-408e7
What is -12023241 (base 5) in base 12?
-5433b
-765737 (base 8) to base 13
-8cc87
1212011102020 (base 3) to base 15
147849
What is 221033045 (base 6) in base 12?
13b5785
Convert -31133010003 (base 4) to base 3.
-20122121020220
Convert -120111102201 (base 3) to base 6.
-10312114
What is -33220010033 (base 4) in base 2?
-1111101000000100001111
Convert -536a90 (base 11) to base 3.
-1121121121022
4362803 (base 9) to base 7
25632642
What is -1c9c84 (base 15) in base 14?
-286334
What is -107c2c8 (base 14) in base 16?
-778188
Convert 16572723 (base 9) to base 11.
476a06a
What is -2222201201202 (base 3) in base 4?
-12003330200
123233201 (base 4) to base 10
113633
-10023010004 (base 5) to base 8
-46017343
What is 132efb (base 16) in base 2?
100110010111011111011
Convert 589060 (base 11) to base 4.
3210020130
What is 5287446 (base 9) in base 5?
1211131020
-114a01b (base 12) to base 2
-1100101110001110010111
Convert 2000020111122 (base 3) to base 5.
233130444
Convert -3102322012 (base 4) to base 2.
-11010010111010000110
What is 263858 (base 9) in base 5?
20112402
What is -770131 (base 8) in base 6?
-5311025
What is baae3 (base 16) in base 2?
10111010101011100011
Convert -100011000001011 (base 2) to base 6.
-215003
What is -4253503 (base 6) in base 12?
-a1293
What is -94a2b (base 15) in base 8?
-1630570
Convert -11297860 (base 10) to base 6.
-1042052524
4135c02 (base 13) to base 16
12dc6cb
-511260 (base 7) to base 13
-30741
Convert -4322043 (base 7) to base 14.
-d9c5a
Convert -3142245 (base 8) to base 14.
-17ad37
904 (base 16) to base 5
33213
39698c (base 13) to base 8
5222423
-2021000011212 (base 3) to base 10
-1200794
-101102352 (base 7) to base 6
-330243223
-11111111100010001111 (base 2) to base 7
-11616343
-2645280 (base 10) to base 4
-22011310200
Convert -212221443 (base 6) to base 2.
-1110010011110001100011
Convert 6d56d (base 15) to base 3.
122201112111
Convert 1057020 (base 8) to base 14.
76448
Convert 1232096 (base 12) to base 10.
3549426
-25525522 (base 6) to base 3
-1120110122012
Convert -a2661e (base 15) to base 2.
-11101011011111100010101
4876118 (base 9) to base 5
1134223210
What is 13204113 (base 6) in base 13?
123807
What is 423330214 (base 5) in base 16?
1b1d26
What is 1000001101001101 (base 2) in base 8?
101515
142141 (base 10) to base 3
21012222111
594579 (base 14) to base 7
34620112
-1201202102 (base 3) to base 12
-17885
What is 23021203 (base 4) in base 7?
250066
What is 7ec5a (base 15) in base 9?
675664
1000010010011001 (base 2) to base 13
125b2
2d0550 (base 15) to base 3
11002122202110
32a70a0 (base 11) to base 6
324053410
What is -606873 (base 9) in base 4?
-1113233112
What is 2724026 (base 9) in base 12?
5bb713
What is -a51d47 (base 14) in base 8?
-25211773
What is c88ac (base 16) in base 15?
1135b5
What is -a63ca (base 14) in base 12?
-174352
What is -33000233 (base 4) in base 12?
-2b6bb
What is 456718 (base 15) in base 12?
1138b35
3113002311 (base 4) to base 3
1122202021000
Convert -50413100 (base 6) to base 13.
-3b21b8
Convert -828370 (base 10) to base 6.
-25431014
What is -164feb (base 16) in base 2?
-101100100111111101011
Convert -31030211121 (base 4) to base 5.
-1341200132
-95932 (base 16) to base 3
-1011010102001
What is -3333321003 (base 4) in base 15?
-15a856
Convert 4554a (base 12) to base 15.
1c577
19da7 (base 16) to base 8
316647
What is 3937613 (base 10) in base 11?
224a429
215044343 (base 6) to base 5
1443104011
Convert cdd440 (base 14) to base 13.
15a96a7
-10110000000111100100 (base 2) to base 13
-1c346a
Convert -235445 (base 8) to base 16.
-13b25
Convert -642258 (base 10) to base 12.
-26b816
-35660765 (base 8) to base 15
-a482ab
126050 (base 7) to base 5
1224302
-15a468 (base 16) to base 4
-11122101220
Convert -4ad9ca (base 14) to base 6.
-131052210
524021142 (base 6) to base 15
c0a54b
Convert -2000112031 (base 4) to base 9.
-881121
Convert -22333040 (base 5) to base 12.
-972b5
What is 7405778 (base 9) in base 7?
45443561
Convert 2a58 (base 13) to base 14.
235b
Convert -1011